{"id":16,"date":"2018-07-20T10:05:26","date_gmt":"2018-07-20T08:05:26","guid":{"rendered":"http:\/\/comptazen.be\/?page_id=16"},"modified":"2018-07-20T10:20:40","modified_gmt":"2018-07-20T08:20:40","slug":"accueil","status":"publish","type":"page","link":"https:\/\/comptazen.be\/","title":{"rendered":"Accueil"},"content":{"rendered":"<h2 class=\"lead__title\"><span class=\"lead__title-content\">CONSEIL et PRO-ACTIF<\/span><\/h2>\n<div>\n<div class=\"lead__summary-content\">Vos besoins sp\u00e9cifiques sont au centre de notre collaboration en comptabilit\u00e9, fiscalit\u00e9 et gestion d&rsquo;entreprise.<\/div>\n<\/div>\n","protected":false},"excerpt":{"rendered":"<p>CONSEIL et PRO-ACTIF Vos besoins sp\u00e9cifiques sont au centre de notre collaboration en comptabilit\u00e9, fiscalit\u00e9 et gestion d&rsquo;entreprise.<\/p>\n","protected":false},"author":1,"featured_media":0,"parent":0,"menu_order":0,"comment_status":"closed","ping_status":"closed","template":"","meta":{"footnotes":""},"class_list":["post-16","page","type-page","status-publish","hentry"],"_links":{"self":[{"href":"https:\/\/comptazen.be\/index.php\/wp-json\/wp\/v2\/pages\/16","targetHints":{"allow":["GET"]}}],"collection":[{"href":"https:\/\/comptazen.be\/index.php\/wp-json\/wp\/v2\/pages"}],"about":[{"href":"https:\/\/comptazen.be\/index.php\/wp-json\/wp\/v2\/types\/page"}],"author":[{"embeddable":true,"href":"https:\/\/comptazen.be\/index.php\/wp-json\/wp\/v2\/users\/1"}],"replies":[{"embeddable":true,"href":"https:\/\/comptazen.be\/index.php\/wp-json\/wp\/v2\/comments?post=16"}],"version-history":[{"count":3,"href":"https:\/\/comptazen.be\/index.php\/wp-json\/wp\/v2\/pages\/16\/revisions"}],"predecessor-version":[{"id":49,"href":"https:\/\/comptazen.be\/index.php\/wp-json\/wp\/v2\/pages\/16\/revisions\/49"}],"wp:attachment":[{"href":"https:\/\/comptazen.be\/index.php\/wp-json\/wp\/v2\/media?parent=16"}],"curies":[{"name":"wp","href":"https:\/\/api.w.org\/{rel}","templated":true}]}}